at is d(5)?
49
Let q(p) = -248*p - 1509. Calculate q(-6).
-21
Let f(m) = -259*m + 1734. Determine f(7).
-79
Let u(r) = 7*r**2 + 949*r - 1895. Determine u(2).
31
Let y(c) = 2*c**2 + 89*c - 821. Calculate y(8).
19
Let c(f) = 50*f - 807. What is c(16)?
-7
Let r(l) = 26*l**2 - 574*l + 46. Determine r(22).
2
Let v(i) = -338*i**3 + 4*i**2 + 2*i. Calculate v(-1).
340
Let k(l) = 502*l + 11041. What is k(-22)?
-3
Let k(q) = 1792*q - 53780. Determine k(30).
-20
Let f(b) = -b**3 - 10*b**2 - 268. Calculate f(-12).
20
Let q(w) = w**3 - 79*w**2 - 86*w + 465. What is q(80)?
-15
Let i(j) = -5*j - 106. What is i(-23)?
9
Let j(s) = -s**2 + 17*s + 85. What is j(-4)?
1
Let s(u) = 54*u**2 + 1347*u - 18. Calculate s(-25).
57
Let j(z) = -15*z**2 - 20*z + 34. Calculate j(-6).
-386
Let s(w) = w**3 + 37*w**2 - 255*w + 169. Give s(-43).
40
Let p(r) = -r**3 - 21*r**2 - 106*r - 27. Calculate p(-12).
-51
Let q(d) = 2*d**2 + 77*d + 716. Calculate q(-22).
-10
Let o(t) = -t**2 - 39*t + 1919. Determine o(28).
43
Let o(h) = 83*h + 2179. Calculate o(-26).
21
Let b(u) = -2*u**3 - 11*u**2 + 254*u + 1486. Calculate b(-6).
-2
Let y(v) = -v**3 - 13*v**2 + 26*v + 204. Determine y(-14).
36
Let m(y) = -6057*y + 12108. Give m(2).
-6
Let l(i) = 24*i + 745. Determine l(-34).
-71
Let j(p) = 1045*p + 9393. Determine j(-9).
-12
Let t(r) = 2*r**2 - 64*r + 499. Give t(21).
37
Let m(t) = 13*t**2 - 30*t - 31. What is m(-1)?
12
Let a(j) = -755*j + 1722. Determine a(2).
212
Let u(k) = -2*k**3 - 11*k**2 - 13*k - 49. Determine u(-5).
-9
Let o(n) = -n**3 - 11*n**2 + 329*n + 403. What is o(-24)?
-5
Let f(d) = 348*d - 1982. Determine f(6).
106
Let c(r) = -r**3 - 13*r**2 + 65*r - 122. Determine c(4).
-134
Let g(s) = 4*s**2 - 78*s - 708. Determine g(26).
-32
Let p(g) = 340*g**2 + 1043*g + 68. Give p(-3).
-1
Let l(g) = -9*g + 110. Give l(8).
38
Let v(w) = 2*w**3 + 13*w**2 - 12*w - 44. Determine v(-7).
-9
Let d(a) = 44*a + 227. What is d(-8)?
-125
Let i(p) = -10*p**2 - 44*p + 111. Give i(3).
-111
Let l(c) = -2*c**3 - 78*c**2 - 71*c + 199. Calculate l(-38).
9
Let m(z) = -z**3 - 13*z**2 + 37*z - 24. Calculate m(2).
-10
Let o(s) = -88*s - 252. Determine o(-3).
12
Let q(d) = -d**3 + d**2 - d - 16. Determine q(3).
-37
Let m(a) = -a + 3. Determine m(7).
-4
Let v(q) = -109*q - 313. Give v(-2).
-95
Let h(b) = -102*b + 419. Determine h(8).
-397
Let l(b) = -2*b**3 + 26*b**2 - 27*b - 4. What is l(12)?
-40
Let f(o) = -o**3 + 54*o**2 + 58*o - 157. What is f(55)?
8
Let g(h) = 3*h**2 + 750*h + 751. What is g(-1)?
4
Let d(t) = -123*t**3 - t**2 - 8*t + 8. Determine d(1).
-124
Let d(r) = -508*r + 11707. What is d(23)?
23
Let j(c) = -c**3 + 7*c**2 + 34*c - 145. Calculate j(9).
-1
Let h(c) = -c**3 + 10*c**2 - 6*c - 15. Give h(9).
12
Let r(n) = 89*n - 415. Determine r(7).
208
Let n(y) = -y**3 - 95*y**2 - 778*y - 343. Calculate n(-86).
1
Let j(r) = -6*r**3 + 6*r**2 - 30*r - 152. Give j(-5).
898
Let u(g) = g**3 + g**2 - 29*g + 15. Give u(4).
-21
Let b(m) = 259*m + 2597. Determine b(-10).
7
Let y(r) = -11*r**3 + 3*r + 2. Determine y(2).
-80
Let d(r) = 2*r**2 - 7*r - 46. What is d(6)?
-16
Let w(b) = -15*b - 101. Calculate w(17).
-356
Let m(j) = -62*j - 252. Give m(-3).
-66
Let g(b) = -39*b + 1439. Give g(37).
-4
Let x(l) = 7*l**3 + 31*l - 111. What is x(4)?
461
Let k(l) = 97*l - 264. What is k(-2)?
-458
Let d(j) = j**2 - 22*j - 189. Give d(28).
-21
Let j(f) = 3*f**2 - 156*f - 21. Give j(52).
-21
Let p(s) = -118*s - 272. Give p(-3).
82
Let d(t) = t**3 - 8*t**2 - 12*t + 56. Determine d(4).
-56
Let h(s) = -6*s - 66. Calculate h(-7).
-24
Let z(y) = -2*y**2 - 36*y - 77. What is z(-16)?
-13
Let z(w) = 30*w - 1459. Give z(50).
41
Let g(s) = -s**3 - 12*s**2 - 62*s - 1611. Calculate g(-15).
-6
Let w(h) = h**3 - 16*h**2 - 4*h - 221. What is w(17)?
0
Let o(g) = -g**3 + 60*g**2 - 876*g - 45. Give o(25).
-70
Let u(a) = 69*a**2 - 72*a + 61. Determine u(1).
58
Let m(q) = q**3 + 175*q**2 + 5103*q - 415. What is m(-138)?
-1
Let a(o) = o**3 + o**2 - o + 3. Give a(-4).
-41
Let i(o) = -12*o - 102. Calculate i(2).
-126
Let w(k) = k**3 + 10*k**2 - 13*k + 52. Determine w(-11).
74
Let b(m) = -151*m - 196. Give b(-3).
257
Let m(d) = -2*d**3 + 70*d**2 - 64*d - 91. What is m(34)?
45
Let x(g) = -g**2 + 70*g + 1583. Determine x(-18).
-1
Let p(h) = -2*h**2 + 12*h - 39. Determine p(4).
-23
Let m(v) = -23*v - 1895. Calculate m(-92).
221
Let y(s) = -10*s - 63. Give y(-10).
37
Let s(d) = 2*d**3 - 18*d**2 + 4*d - 16. What is s(9)?
20
Let p(a) = -3*a**2 - 10*a + 55. Determine p(3).
-2
Let q(g) = -137*g + 1025. Give q(7).
66
Let d(t) = -9*t + 125. Give d(8).
53
Let f(u) = 371*u - 19305. Give f(52).
-13
Let x(i) = -111*i**2 - 117*i + 2. Give x(-1).
8
Let u(d) = -d**3 + 25*d**2 - 15*d - 608. What is u(24)?
-392
Let y(u) = 2*u**3 + 63*u**2 + 26*u - 165. What is y(-31)?
-10
Let o(j) = -794*j + 53188. What is o(67)?
-10
Let l(m) = 13*m**2 + 11*m - 19. Give l(-4).
145
Let t(u) = -u**3 + 63*u**2 - 237*u + 59. Determine t(59).
0
Let c(h) = -h**3 - 9*h**2 - 9*h - 44. Determine c(-6).
-98
Let t(x) = 105*x**2 - x - 4. Give t(-1).
102
Let d(x) = x**2 + 12*x - 553. What is d(19)?
36
Let a(w) = -2*w**3 + 40*w**2 + 38*w + 119. Calculate a(21).
35
Let v(u) = -477*u + 1988. What is v(4)?
80
Let y(a) = -2*a**2 - 40*a + 251. Give y(-28).
-197
Let y(q) = -35*q - 178. What is y(-5)?
-3
Let p(g) = -g**2 + 6*g + 92. What is p(-20)?
-428
Let g(o) = o**3 - 4*o**2 - 352*o - 72. Calculate g(21).
33
Let x(n) = 325*n - 1621. Give x(5).
4
Let t(w) = 3*w**3 + 180*w**2 + 2*w + 115. Calculate t(-60).
-5
Let y(t) = 36*t + 8805. What is y(-244)?
21
Let r(c) = c**2 - 51*c - 204. Determine r(55).
16
Let p(o) = -676*o + 31775. Give p(47).
3
Let k(u) = -38*u**2 + 26*u + 22. What is k(3)?
-242
Let v(a) = 52*a**2 - 172*a. What is v(3)?
-48
Let f(q) = -1925*q + 117431. Calculate f(61).
6
Let w(r) = -r**3 + 11*r**2 - 24*r + 142. What is w(10)?
2
Let z(a) = -19*a**3 - 37*a**2 + 8*a + 11. Determine z(-2).
-1
Let n(x) = -518*x + 4660. Calculate n(9).
-2
Let a(j) = -444*j - 227. Determine a(-2).
661
Let c(v) = 53*v**2 + 3180*v - 6. Determine c(-60).
-6
Let i(z) = -15*z**2 + 1430*z - 469. What is i(95)?
6
Let l(d) = d**3 - 12*d**2 + 3*d - 59. Determine l(10).
-229
Let m(b) = -21*b**3 + b**2 + 2*b + 2. Determine m(-1).
22
Let k(j) = j**2 + 484*j + 7479. Determine k(-16).
-9
Let c(u) = 2441*u + 22029. Give c(-9).
60
Let v(t) = -9*t**3 + 39*t**2 + 17*t - 44. What is v(5)?
-109
Let v(z) = 3*z**2 + 319*z - 362. Give v(-109).
510
Let a(b) = 54*b - 3622. Determine a(67).
-4
Let k(j) = 159*j + 1586. Calculate k(-9).
155
Let k(g) = -11*g**2 + 111*g + 3. Calculate k(11).
-107
Let p(t) = 7*t**2 - 170*t - 194. Determine p(26).
118
Let m(v) = 20*v + 33. Give m(-11).
-187
Let i(k) = 67*k - 193. Calculate i(7).
276
Let b(j) = 754*j - 36158. Give b(48).
34
Let b(v) = -758*v - 13650. What is b(-18)?
-6
Let c(x) = -x**3 + 19*x**2 - 3*x + 65. Calculate c(19).
8
Let k(x) = 109*x + 403. Determine k(-4).
-33
Let c(f) = -99*f**2 + 4*f - 7. Calculate c(2).
-395
Let f(g) = -g**2 - 17*g - 77. What is f(-22)?
-187
Let a(g) = g**2 + 74*g - 153085. Calculate a(356).
-5
Let x(c) = c**2 + 353*c + 2424. What is x(-7)?
2
Let n(o) = o**3 + 56*o**2 - 62*o - 271. Give n(-57).
14
Let a(b) = -27*b + 37. Determine a(5).
-98
Let o(a) = 11*a**2 - 24*a - 21. Give o(-6).
519
Let l(n) = 109*n - 1039. Calculate l(6).
-385
Let y(g) = -200*g - 1594. Calculate y(-8).
6
Let h(t) = 4*t**3 - 18*t**2 + 7*t + 25. Calculate h(3).
-8
Let b(k) = -139*k - 220. Give b(-2).
58
Let t(a) = -671*a - 31535. Calculate t(-47).
2
Let u(q) = -2*q**2 - 46*q + 74. What is u(-29)?
-274
Let q(b) = -b**3 - 17*b**2 - 23*b - 131. Give q(-16).
-19
Let l(v) = -9*v**2 - 7*v - 6. Determine l(-3).
-66
Let h(o) = -142*o - 117. Calculate h(1).
-259
Let u(a) = a**3 + 13*a**2 - 94*a + 7. What is u(-18)?
79
Let o(d) = -23*d + 687. Determine o(30).
-3
Let r(s) = 25*s + 1628. Calculate r(-65).
3
Let m(a) = 2*a**3 - 8*a**2 + 39*a - 249. Determine m(6).
129
Let k(m) = -7*m**3 - 15*m**2 - 2*m - 21. Determine k(-5).
489
Let h(q) = q**3 - 2*q**2 - 67*q + 180. Determine h(3).
-12
Let t(m) = 1369*m - 12417. Calculate t(9).
-96
Let h(r) = -r**3 - 22*r**2 - 17*r - 174. What is h(-21)?
-258
Let b(t) = 431*t - 5612. Determine b(13).
-9
Let g(k) = -k**2 + 972*k + 4897. Give g(-5).
12
Let d(j) = j**3 - 11*j